{"id":10385,"date":"2024-02-19T10:05:16","date_gmt":"2024-02-19T13:05:16","guid":{"rendered":"http:\/\/maderamen.com.ar\/desarrollo-forestal\/?post_type=product&#038;p=10385"},"modified":"2026-03-30T18:10:52","modified_gmt":"2026-03-30T21:10:52","slug":"pagina-en-guia-de-productos","status":"publish","type":"product","link":"https:\/\/maderamen.com.ar\/desarrollo-forestal\/producto\/pagina-en-guia-de-productos\/","title":{"rendered":"P\u00e1gina en gu\u00eda de productos"},"content":{"rendered":"","protected":false},"excerpt":{"rendered":"<p style=\"clear: both\">$140000 x mes + IVA 5 %. M\u00ednimo 6 meses: $ 840000 &#8211; IVA 5%. pago mensual por transferencia bancaria<\/p>\n<p style=\"clear: both\">Incluye:<\/p>\n<p style=\"clear: both\"><strong>a) P\u00e1gina dentro del portal en secci\u00f3n: gu\u00eda de productos. En cualquiera de nuestros peri\u00f3dicos (Desarrollo forestal, D&amp;F Muebles o Todo Madera):<\/strong> Podr\u00e1s enviarnos informaci\u00f3n de los productos que quieras subir a tu p\u00e1gina de producto (m\u00e1ximo 400 palabras).<\/p>\n<p style=\"clear: both\"><strong>b) Datos de contacto:<\/strong> Podr\u00e1s agregar los datos de contacto de tu empresa.<\/p>\n<p style=\"clear: both\"><strong>c) Im\u00e1genes de tu producto:<\/strong> Podr\u00e1s enviarnos hasta 3 im\u00e1genes de tus productos para<br \/>\nsubirlas en tu p\u00e1gina.<\/p>\n<p style=\"clear: both\"><strong>d) Forma de comercializaci\u00f3n:<\/strong> Este es un espacio para que puedas desarrollar las<br \/>\ncaracter\u00edsticas de tu forma de comercializaci\u00f3n. (m\u00e1ximo 100 palabras)<br \/>\nC\u00f3mo funciona: Recibir\u00e1s un mail con el detalle de toda la informaci\u00f3n que necesitamos para crear tu p\u00e1gina de producto (fotos, textos y datos de contacto). A partir del d\u00eda en que recibamos tus datos, crearemos tu p\u00e1gina y podr\u00e1s validarla y pedir cambios en los siguientes 5 d\u00edas h\u00e1biles.<\/p>\n<p style=\"clear: both\">Si ten\u00e9s dudas o quisieras ver un boceto, envianos tu material a<br \/>\n<a href=\"mailto:web@maderamen.com.ar\">web@maderamen.com.ar<\/a> y te mostramos c\u00f3mo quedar\u00eda tu p\u00e1gina. Si te gusta, la<br \/>\npondremos on line luego de recibir el pago.<\/p>\n<h6><a href=\"https:\/\/maderamen.com.ar\/desarrollo-forestal\/productos\/pagina-producto-modelo\/\" target=\"_blank\" rel=\"noopener noreferrer\"><strong>Ver: Gu\u00eda de Productos<\/strong><\/a><\/h6>\n","protected":false},"featured_media":8697,"template":"","meta":[],"product_brand":[],"product_cat":[53],"product_tag":[],"class_list":{"0":"post-10385","1":"product","2":"type-product","3":"status-publish","4":"has-post-thumbnail","6":"product_cat-sin-categoria","8":"first","9":"instock","10":"virtual","11":"taxable","12":"purchasable","13":"product-type-simple"},"yoast_head":"<!-- This site is optimized with the Yoast SEO plugin v27.2 - https:\/\/yoast.com\/product\/yoast-seo-wordpress\/ -->\n<title>P\u00c1GINA EN GU\u00cdA DE PRODUCTOS - Desarrollo Forestal<\/title>\n<meta name=\"description\" content=\"Este es un espacio pensado para que sus productos sean vistos por mas de 10000 visitantes mensuales con un costo por contacto muy reducido.\" \/>\n<meta name=\"robots\" content=\"index, follow, max-snippet:-1, max-image-preview:large, max-video-preview:-1\" \/>\n<link rel=\"canonical\" href=\"https:\/\/maderamen.com.ar\/desarrollo-forestal\/producto\/pagina-en-guia-de-productos\/\" \/>\n<meta property=\"og:locale\" content=\"es_ES\" \/>\n<meta property=\"og:type\" content=\"article\" \/>\n<meta property=\"og:title\" content=\"P\u00c1GINA EN GU\u00cdA DE PRODUCTOS - Desarrollo Forestal\" \/>\n<meta property=\"og:description\" content=\"Este es un espacio pensado para que sus productos sean vistos por mas de 10000 visitantes mensuales con un costo por contacto muy reducido.\" \/>\n<meta property=\"og:url\" content=\"https:\/\/maderamen.com.ar\/desarrollo-forestal\/producto\/pagina-en-guia-de-productos\/\" \/>\n<meta property=\"og:site_name\" content=\"Desarrollo Forestal\" \/>\n<meta property=\"article:publisher\" content=\"https:\/\/www.facebook.com\/Maderamen.Argentina\/\" \/>\n<meta property=\"article:modified_time\" content=\"2026-03-30T21:10:52+00:00\" \/>\n<meta property=\"og:image\" content=\"https:\/\/maderamen.com.ar\/desarrollo-forestal\/wp-content\/uploads\/sites\/2\/2017\/09\/logo-maderamen-s-t.png\" \/>\n\t<meta property=\"og:image:width\" content=\"250\" \/>\n\t<meta property=\"og:image:height\" content=\"252\" \/>\n\t<meta property=\"og:image:type\" content=\"image\/png\" \/>\n<meta name=\"twitter:card\" content=\"summary_large_image\" \/>\n<meta name=\"twitter:site\" content=\"@DesarrolloFores\" \/>\n<meta name=\"twitter:label1\" content=\"Tiempo de lectura\" \/>\n\t<meta name=\"twitter:data1\" content=\"1 minuto\" \/>\n<script type=\"application\/ld+json\" class=\"yoast-schema-graph\">{\"@context\":\"https:\/\/schema.org\",\"@graph\":[{\"@type\":\"WebPage\",\"@id\":\"https:\/\/maderamen.com.ar\/desarrollo-forestal\/producto\/pagina-en-guia-de-productos\/\",\"url\":\"https:\/\/maderamen.com.ar\/desarrollo-forestal\/producto\/pagina-en-guia-de-productos\/\",\"name\":\"P\u00c1GINA EN GU\u00cdA DE PRODUCTOS - Desarrollo Forestal\",\"isPartOf\":{\"@id\":\"https:\/\/maderamen.com.ar\/desarrollo-forestal\/#website\"},\"primaryImageOfPage\":{\"@id\":\"https:\/\/maderamen.com.ar\/desarrollo-forestal\/producto\/pagina-en-guia-de-productos\/#primaryimage\"},\"image\":{\"@id\":\"https:\/\/maderamen.com.ar\/desarrollo-forestal\/producto\/pagina-en-guia-de-productos\/#primaryimage\"},\"thumbnailUrl\":\"https:\/\/maderamen.com.ar\/desarrollo-forestal\/wp-content\/uploads\/sites\/2\/2017\/09\/logo-maderamen-s-t.png\",\"datePublished\":\"2024-02-19T13:05:16+00:00\",\"dateModified\":\"2026-03-30T21:10:52+00:00\",\"description\":\"Este es un espacio pensado para que sus productos sean vistos por mas de 10000 visitantes mensuales con un costo por contacto muy reducido.\",\"breadcrumb\":{\"@id\":\"https:\/\/maderamen.com.ar\/desarrollo-forestal\/producto\/pagina-en-guia-de-productos\/#breadcrumb\"},\"inLanguage\":\"es\",\"potentialAction\":[{\"@type\":\"ReadAction\",\"target\":[\"https:\/\/maderamen.com.ar\/desarrollo-forestal\/producto\/pagina-en-guia-de-productos\/\"]}]},{\"@type\":\"ImageObject\",\"inLanguage\":\"es\",\"@id\":\"https:\/\/maderamen.com.ar\/desarrollo-forestal\/producto\/pagina-en-guia-de-productos\/#primaryimage\",\"url\":\"https:\/\/maderamen.com.ar\/desarrollo-forestal\/wp-content\/uploads\/sites\/2\/2017\/09\/logo-maderamen-s-t.png\",\"contentUrl\":\"https:\/\/maderamen.com.ar\/desarrollo-forestal\/wp-content\/uploads\/sites\/2\/2017\/09\/logo-maderamen-s-t.png\",\"width\":250,\"height\":252},{\"@type\":\"BreadcrumbList\",\"@id\":\"https:\/\/maderamen.com.ar\/desarrollo-forestal\/producto\/pagina-en-guia-de-productos\/#breadcrumb\",\"itemListElement\":[{\"@type\":\"ListItem\",\"position\":1,\"name\":\"Portada\",\"item\":\"https:\/\/maderamen.com.ar\/desarrollo-forestal\/\"},{\"@type\":\"ListItem\",\"position\":2,\"name\":\"Productos\",\"item\":\"https:\/\/maderamen.com.ar\/desarrollo-forestal\/shop\/\"},{\"@type\":\"ListItem\",\"position\":3,\"name\":\"P\u00e1gina en gu\u00eda de productos\"}]},{\"@type\":\"WebSite\",\"@id\":\"https:\/\/maderamen.com.ar\/desarrollo-forestal\/#website\",\"url\":\"https:\/\/maderamen.com.ar\/desarrollo-forestal\/\",\"name\":\"Desarrollo Forestal\",\"description\":\"Noticias del sector forestal\",\"publisher\":{\"@id\":\"https:\/\/maderamen.com.ar\/desarrollo-forestal\/#organization\"},\"potentialAction\":[{\"@type\":\"SearchAction\",\"target\":{\"@type\":\"EntryPoint\",\"urlTemplate\":\"https:\/\/maderamen.com.ar\/desarrollo-forestal\/?s={search_term_string}\"},\"query-input\":{\"@type\":\"PropertyValueSpecification\",\"valueRequired\":true,\"valueName\":\"search_term_string\"}}],\"inLanguage\":\"es\"},{\"@type\":\"Organization\",\"@id\":\"https:\/\/maderamen.com.ar\/desarrollo-forestal\/#organization\",\"name\":\"Maderamen\",\"url\":\"https:\/\/maderamen.com.ar\/desarrollo-forestal\/\",\"logo\":{\"@type\":\"ImageObject\",\"inLanguage\":\"es\",\"@id\":\"https:\/\/maderamen.com.ar\/desarrollo-forestal\/#\/schema\/logo\/image\/\",\"url\":\"https:\/\/maderamen.com.ar\/desarrollo-forestal\/wp-content\/uploads\/sites\/2\/2026\/03\/maderamen-emago.png\",\"contentUrl\":\"https:\/\/maderamen.com.ar\/desarrollo-forestal\/wp-content\/uploads\/sites\/2\/2026\/03\/maderamen-emago.png\",\"width\":250,\"height\":246,\"caption\":\"Maderamen\"},\"image\":{\"@id\":\"https:\/\/maderamen.com.ar\/desarrollo-forestal\/#\/schema\/logo\/image\/\"},\"sameAs\":[\"https:\/\/www.facebook.com\/Maderamen.Argentina\/\",\"https:\/\/x.com\/DesarrolloFores\",\"https:\/\/www.youtube.com\/channel\/UCeYU2-_JRTYYpgHoyhTT2Fg\",\"https:\/\/www.instagram.com\/maderamen.ok\/\",\"https:\/\/www.linkedin.com\/company\/maderameneditorial\/\"]}]}<\/script>\n<!-- \/ Yoast SEO plugin. -->","yoast_head_json":{"title":"P\u00c1GINA EN GU\u00cdA DE PRODUCTOS - Desarrollo Forestal","description":"Este es un espacio pensado para que sus productos sean vistos por mas de 10000 visitantes mensuales con un costo por contacto muy reducido.","robots":{"index":"index","follow":"follow","max-snippet":"max-snippet:-1","max-image-preview":"max-image-preview:large","max-video-preview":"max-video-preview:-1"},"canonical":"https:\/\/maderamen.com.ar\/desarrollo-forestal\/producto\/pagina-en-guia-de-productos\/","og_locale":"es_ES","og_type":"article","og_title":"P\u00c1GINA EN GU\u00cdA DE PRODUCTOS - Desarrollo Forestal","og_description":"Este es un espacio pensado para que sus productos sean vistos por mas de 10000 visitantes mensuales con un costo por contacto muy reducido.","og_url":"https:\/\/maderamen.com.ar\/desarrollo-forestal\/producto\/pagina-en-guia-de-productos\/","og_site_name":"Desarrollo Forestal","article_publisher":"https:\/\/www.facebook.com\/Maderamen.Argentina\/","article_modified_time":"2026-03-30T21:10:52+00:00","og_image":[{"width":250,"height":252,"url":"https:\/\/maderamen.com.ar\/desarrollo-forestal\/wp-content\/uploads\/sites\/2\/2017\/09\/logo-maderamen-s-t.png","type":"image\/png"}],"twitter_card":"summary_large_image","twitter_site":"@DesarrolloFores","twitter_misc":{"Tiempo de lectura":"1 minuto"},"schema":{"@context":"https:\/\/schema.org","@graph":[{"@type":"WebPage","@id":"https:\/\/maderamen.com.ar\/desarrollo-forestal\/producto\/pagina-en-guia-de-productos\/","url":"https:\/\/maderamen.com.ar\/desarrollo-forestal\/producto\/pagina-en-guia-de-productos\/","name":"P\u00c1GINA EN GU\u00cdA DE PRODUCTOS - Desarrollo Forestal","isPartOf":{"@id":"https:\/\/maderamen.com.ar\/desarrollo-forestal\/#website"},"primaryImageOfPage":{"@id":"https:\/\/maderamen.com.ar\/desarrollo-forestal\/producto\/pagina-en-guia-de-productos\/#primaryimage"},"image":{"@id":"https:\/\/maderamen.com.ar\/desarrollo-forestal\/producto\/pagina-en-guia-de-productos\/#primaryimage"},"thumbnailUrl":"https:\/\/maderamen.com.ar\/desarrollo-forestal\/wp-content\/uploads\/sites\/2\/2017\/09\/logo-maderamen-s-t.png","datePublished":"2024-02-19T13:05:16+00:00","dateModified":"2026-03-30T21:10:52+00:00","description":"Este es un espacio pensado para que sus productos sean vistos por mas de 10000 visitantes mensuales con un costo por contacto muy reducido.","breadcrumb":{"@id":"https:\/\/maderamen.com.ar\/desarrollo-forestal\/producto\/pagina-en-guia-de-productos\/#breadcrumb"},"inLanguage":"es","potentialAction":[{"@type":"ReadAction","target":["https:\/\/maderamen.com.ar\/desarrollo-forestal\/producto\/pagina-en-guia-de-productos\/"]}]},{"@type":"ImageObject","inLanguage":"es","@id":"https:\/\/maderamen.com.ar\/desarrollo-forestal\/producto\/pagina-en-guia-de-productos\/#primaryimage","url":"https:\/\/maderamen.com.ar\/desarrollo-forestal\/wp-content\/uploads\/sites\/2\/2017\/09\/logo-maderamen-s-t.png","contentUrl":"https:\/\/maderamen.com.ar\/desarrollo-forestal\/wp-content\/uploads\/sites\/2\/2017\/09\/logo-maderamen-s-t.png","width":250,"height":252},{"@type":"BreadcrumbList","@id":"https:\/\/maderamen.com.ar\/desarrollo-forestal\/producto\/pagina-en-guia-de-productos\/#breadcrumb","itemListElement":[{"@type":"ListItem","position":1,"name":"Portada","item":"https:\/\/maderamen.com.ar\/desarrollo-forestal\/"},{"@type":"ListItem","position":2,"name":"Productos","item":"https:\/\/maderamen.com.ar\/desarrollo-forestal\/shop\/"},{"@type":"ListItem","position":3,"name":"P\u00e1gina en gu\u00eda de productos"}]},{"@type":"WebSite","@id":"https:\/\/maderamen.com.ar\/desarrollo-forestal\/#website","url":"https:\/\/maderamen.com.ar\/desarrollo-forestal\/","name":"Desarrollo Forestal","description":"Noticias del sector forestal","publisher":{"@id":"https:\/\/maderamen.com.ar\/desarrollo-forestal\/#organization"},"potentialAction":[{"@type":"SearchAction","target":{"@type":"EntryPoint","urlTemplate":"https:\/\/maderamen.com.ar\/desarrollo-forestal\/?s={search_term_string}"},"query-input":{"@type":"PropertyValueSpecification","valueRequired":true,"valueName":"search_term_string"}}],"inLanguage":"es"},{"@type":"Organization","@id":"https:\/\/maderamen.com.ar\/desarrollo-forestal\/#organization","name":"Maderamen","url":"https:\/\/maderamen.com.ar\/desarrollo-forestal\/","logo":{"@type":"ImageObject","inLanguage":"es","@id":"https:\/\/maderamen.com.ar\/desarrollo-forestal\/#\/schema\/logo\/image\/","url":"https:\/\/maderamen.com.ar\/desarrollo-forestal\/wp-content\/uploads\/sites\/2\/2026\/03\/maderamen-emago.png","contentUrl":"https:\/\/maderamen.com.ar\/desarrollo-forestal\/wp-content\/uploads\/sites\/2\/2026\/03\/maderamen-emago.png","width":250,"height":246,"caption":"Maderamen"},"image":{"@id":"https:\/\/maderamen.com.ar\/desarrollo-forestal\/#\/schema\/logo\/image\/"},"sameAs":["https:\/\/www.facebook.com\/Maderamen.Argentina\/","https:\/\/x.com\/DesarrolloFores","https:\/\/www.youtube.com\/channel\/UCeYU2-_JRTYYpgHoyhTT2Fg","https:\/\/www.instagram.com\/maderamen.ok\/","https:\/\/www.linkedin.com\/company\/maderameneditorial\/"]}]}},"_links":{"self":[{"href":"https:\/\/maderamen.com.ar\/desarrollo-forestal\/wp-json\/wp\/v2\/product\/10385","targetHints":{"allow":["GET"]}}],"collection":[{"href":"https:\/\/maderamen.com.ar\/desarrollo-forestal\/wp-json\/wp\/v2\/product"}],"about":[{"href":"https:\/\/maderamen.com.ar\/desarrollo-forestal\/wp-json\/wp\/v2\/types\/product"}],"wp:featuredmedia":[{"embeddable":true,"href":"https:\/\/maderamen.com.ar\/desarrollo-forestal\/wp-json\/wp\/v2\/media\/8697"}],"wp:attachment":[{"href":"https:\/\/maderamen.com.ar\/desarrollo-forestal\/wp-json\/wp\/v2\/media?parent=10385"}],"wp:term":[{"taxonomy":"product_brand","embeddable":true,"href":"https:\/\/maderamen.com.ar\/desarrollo-forestal\/wp-json\/wp\/v2\/product_brand?post=10385"},{"taxonomy":"product_cat","embeddable":true,"href":"https:\/\/maderamen.com.ar\/desarrollo-forestal\/wp-json\/wp\/v2\/product_cat?post=10385"},{"taxonomy":"product_tag","embeddable":true,"href":"https:\/\/maderamen.com.ar\/desarrollo-forestal\/wp-json\/wp\/v2\/product_tag?post=10385"}],"curies":[{"name":"wp","href":"https:\/\/api.w.org\/{rel}","templated":true}]}}